s q(4) prime?
False
Suppose 34*w - 1069424 = 619118. Is w composite?
False
Suppose -111747 + 492282 = 15*h. Is h a prime number?
False
Let g = -26464 - -37101. Is g a composite number?
True
Let f = 22 - 16. Suppose -4*r - 20 = 0, f*r - r + 402 = h. Is h a prime number?
False
Let p = -37 - -40. Suppose f + 373 = 2*t - 0*t, 3*f = p*t - 564. Is t a prime number?
False
Suppose 1163 = 8*f - 141. Let d = f - -102. Is d prime?
False
Let c = 2134 - 1883. Suppose 4*z - 2*z = 3*y + 777, -5*y + 753 = 2*z. Suppose 5*m - c = z. Is m a prime number?
True
Suppose 3*v + 466 = 3*p + v, 5*v = 3*p - 472. Let m(o) = o**3 + 17*o**2 + 13*o + 18. Let j be m(-15). Let a = j - p. Is a composite?
True
Suppose 0 = 9*u + 10439 - 29762. Is u a prime number?
False
Suppose -p + 462 = -4*p. Let k = p - -443. Is k prime?
False
Is (-632436)/(-45) + (5 - (-616)/(-120)) a prime number?
False
Suppose 0*g + 730 = 5*g. Let q = -230 + g. Let n = -51 - q. Is n composite?
True
Suppose -64*i + 26035 = -59*i. Is i composite?
True
Let o(l) = -l**2 - 16*l - 8. Let m be o(-8). Let a = 95 - m. Is a prime?
False
Suppose 6*l = 5*l + 226. Is l/8*(72 + 4) prime?
False
Let y = -95 + 120. Suppose -7 = 2*z - 127. Let s = y + z. Is s a composite number?
True
Let s(a) = 495*a + 29. Is s(8) a prime number?
True
Let q(n) = -n**3 + 15*n**2 + 14*n + 20. Let i be q(15). Suppose 9*m - i = 7*m. Is m a composite number?
True
Suppose 0 = -10*j + 27*j - 179911. Is j a composite number?
True
Suppose 4*m - 37 = -7*c + 4*c, 0 = 5*c - 2*m - 79. Let v = -44 + c. Let l = 68 - v. Is l composite?
False
Let i = -127 - -123. Is (-945)/i + (-24)/(-32) a prime number?
False
Let u be (2 + 4)*5/(-3). Let b be u/25 + 506/(-10). Let n = 162 + b. Is n composite?
True
Let i be 151 - ((-2)/(-2))/1. Suppose -7*r = 2*b - 3*r + 58, -87 = 3*b + 4*r. Let m = b + i. Is m composite?
True
Is ((-62922)/36)/(1/(-6)) composite?
False
Let x = 24 - 82. Let k = 477 + -274. Let i = x + k. Is i composite?
True
Let a(q) = -7*q**2 - 24*q - 23. Let l = 27 - 21. Let t(u) = -4*u**2 - 12*u - 11. Let g(z) = l*a(z) - 11*t(z). Is g(-12) prime?
False
Is (39469/87)/((6/9)/2) a composite number?
False
Suppose -5*k - 17230 = -5*u, 0*k - 5*k = -3*u + 17222. Let a = k - -5113. Is a/2*10/15 a prime number?
True
Let r = -29706 + 68795. Is r prime?
True
Suppose -4*a + 2*k = 240, -a + 3*a + 128 = 3*k. Suppose 3*c - 65 = o - 17, 0 = -5*c + 15. Let w = o - a. Is w composite?
False
Let q be (6/(-1))/(30/15). Let l(k) = -187*k - 4. Is l(q) prime?
True
Let c = 11797 + 11056. Is c prime?
True
Let r be (-340)/(-35) + (-2)/(-7). Let c = -12 + r. Is ((586 - 0)/c)/(-1) a prime number?
True
Let h = -86895 + 125542. Is h a prime number?
False
Let r = 14 + -11. Let s be (1130/r)/((-26)/(-39)). Suppose -565 = -5*f - 5*w, 4*w - s = -0*f - 5*f. Is f prime?
True
Suppose -234*n + 6219 = -225*n. Is n prime?
True
Let c(m) be the first derivative of 33*m**4/4 - m**3/3 - 5*m**2/2 + 3*m + 11. Is c(2) a prime number?
False
Let s = 161 + -157. Suppose -4*x + 6703 = 2*f + f, -5*f = -s*x + 6727. Is x prime?
False
Let v(f) be the third derivative of 5*f**4/6 - 2*f**3 + f**2. Let p be v(5). Suppose 4*g = -0*g + p. Is g composite?
True
Let p(t) = -5*t + 14. Let z(d) = -3*d + 7. Let x(r) = -4*p(r) + 7*z(r). Let q be x(-11). Suppose b + 468 = m + q*m, 5*b - 357 = -4*m. Is m composite?
True
Suppose -2*s - s = -306. Let y = 199 - s. Is y composite?
False
Let i(x) = 15*x - 13. Let p(h) = 12*h**2 - 1. Let q be p(-1). Let d be i(q). Suppose 5*l - 3*j - d = 0, 4 - 1 = 3*j. Is l prime?
True
Let l(x) = 3*x**2 - 27*x - 47. Let z = 120 + -141. Is l(z) a prime number?
False
Let s be (-2)/((28/8)/(-7)). Let u = s + -4. Suppose u*v + 4*v - d - 711 = 0, -5*v = d - 882. Is v a composite number?
True
Suppose h - 12 = 2*l, -8*l = -h - 3*l + 27. Suppose h*g = 3*s - 2*s - 742, -g - 1490 = -2*s. Is s a prime number?
False
Suppose -8*c - 43 = 5. Is 10908/16 + -4 - c/(-8) composite?
False
Suppose 4*l - 2*m - 36 = -6*m, -4*m - 41 = -3*l. Suppose -l*j + 927 = -2*j. Is j composite?
False
Suppose 2 = v + 7, -5*v - 34 = -3*j. Suppose 5*y + 1007 = 3*p - 3386, -4387 = -j*p + 2*y. Is p a composite number?
True
Let k = 32 + -1. Suppose 7 - k = -4*q. Suppose -3*f = -q*f + 471. Is f a prime number?
True
Let k(q) = -q**2 + 5*q - 2. Let c be k(4). Suppose -m - c - 1 = 0, 4*m = i - 12. Suppose -3*d + 2*d - 1 = i, -5*s + 2094 = d. Is s a composite number?
False
Let a(c) be the second derivative of c**4/12 + 11*c**3/6 - 2*c. Let p be a(-11). Suppose 3*j + 2*l = 449, p*j = j + 3*l - 152. Is j a composite number?
False
Let o = 7731 + -5188. Is o a prime number?
True
Let u be -4*(15/(-6) - 0). Let z be (-3662)/u + 5/25. Let j = -103 - z. Is j composite?
False
Let v = 397 - 183. Suppose -v + 999 = 5*t. Is t prime?
True
Suppose 3945 = 14*o - 9*o. Is o composite?
True
Suppose -a = -5*t - 39381 - 20159, -t + 1 = 0. Is a composite?
True
Suppose 2*g = b + 613, -3*b - 70 = -g + 234. Is g prime?
True
Let g(k) be the second derivative of 41*k**7/2520 + k**6/180 - k**5/60 - k**4/3 + 3*k. Let s(b) be the third derivative of g(b). Is s(3) a prime number?
True
Let v(f) = -3*f + 1. Let i be v(-7). Let z = i - -29. Suppose 3*d - 4*l = z + 34, -4*d = -l - 135. Is d a prime number?
False
Let y be -1 + 7/2*-2. Let f be y/4 + 1235 - -2. Suppose 0 = -0*j + 5*j - f. Is j a composite number?
True
Let f(w) = 731*w + 36. Is f(5) a prime number?
True
Suppose 55 = -g + 2*g - 3*k, -2*k - 144 = -3*g. Suppose -12 = -u + c, -2*c = 2*u + 3*u - g. Suppose 8*y = u*y - 50. Is y a composite number?
True
Let i(s) be the first derivative of -s**4/2 - 3*s**3 - 15*s**2/2 - 7*s - 1. Let m = 44 - 50. Is i(m) a prime number?
True
Let g(b) = 33*b - 3. Let q be g(-1). Let t = q - -115. Is t composite?
False
Suppose 79094 + 83968 = 18*k. Is k prime?
True
Let q = 11 + -20. Let f be 16 + -1 - (q - -12). Let z = f - -325. Is z prime?
True
Let p be (-30)/135 + 2/9. Suppose i = 2*j - 577, 0 = -3*j - p*i + 2*i + 867. Is j prime?
False
Let w = -57 + 69. Suppose w*m = 6*m + 8826. Is m a prime number?
True
Let b = -38 - -41. Suppose -b*m + 410 = -4*d, 4*m - 4*d - 766 = -222. Is m prime?
False
Let s be (-46)/(-8) - (-6)/(-8). Suppose -9*i - 2848 = -s*i. Let n = 1059 + i. Is n composite?
False
Let x(v) = 17*v + 58. Let y(b) = 9*b + 29. Let m(h) = -4*x(h) + 9*y(h). Let q be (-6)/(-12)*(-9)/(9/(-28)). Is m(q) a composite number?
False
Let y be ((-16)/(-3))/(6/18). Suppose -13*g = -y*g + 4611. Is g prime?
False
Let m(d) = d**2 + 5*d - 1. Let j be m(-4). Let s(x) = x**2 - 5*x - 7. Let q be s(j). Suppose 7*k - 4*k + 5*i - 107 = 0, 0 = -k + 2*i + q. Is k composite?
True
Let h = -10 - -9. Let t be (-1*(0 - -638))/h. Is t/3 - 8/(-24) composite?
True
Is -1 + (-2665)/(-15) - 2/(-6) a prime number?
False
Let w = 279 - 102. Suppose -4*z + 20 = y, 34 = 2*y - y - 3*z. Let o = w - y. Is o a prime number?
True
Suppose -4*d + 2*z + 108624 = 0, -7*d - 4*z = -8*d + 27163. Is d a prime number?
False
Let g(o) = -1204*o + 181. Is g(-4) prime?
False
Suppose -4*v + 832 = -88. Let c = 751 - v. Is c composite?
False
Suppose -4*m = -298 - 162. Let l = m + 244. Is l a composite number?
False
Suppose 8*t - 14*t + 30 = 0. Is -4 + t + 0 + 85 a prime number?
False
Let z(j) = 6698*j**2 - 17*j + 39. Is z(2) prime?
False
Is (-3)/(-2) + (-1338285)/(-78) prime?
True
Suppose 0 = 5*r - 9 - 1. Is (-47 - 0)/(0 - r/14) a composite number?
True
Suppose 0 = 2*r - 5*u - 3, r + 3*u = -1 + 8. Suppose -r*y - 306 = 2*k, -2*k + y - 473 = k. Let n = 178 - k. Is n a prime number?
False
Let y = -58582 - -137909. Is y composite?
True
Suppose -999 = 3*k - 4*w + 1648, -879 = k - 2*w. Is 0 - k - (-8 - -4) a prime number?
False
Suppose -214 = 4*b + 142. Let q = -6 - b. Is q composite?
False
Let s = 10342 + 1. Is s a prime number?
True
Suppose 3*d - 2586 = q, 7*q + 3449 = 4*d + 6*q. Is d a prime number?
True
Suppose 4*c + 7769 = 7*c - o, 2*c - o - 5178 = 0. Is c prime?
True
Let t be (15 - 17) + 2*3. Let q = -44 + 74. Suppose -7*w + t*w = -q. Is w prime?
False
Is ((-69268)/(-28) - -3)/((-15)/(-105)) prime?
False
Let i = 1851 - 1066. Let p = -4 - -6. Suppose -p*d = 3*d - i. Is d composite?
False
Let d be 2/(1 + (-4)/8). Suppose o + 101 = v + 866, 1520 = 2*o - d*v. Let l = o + -399. Is l a composite number?
True
Is (-2 + (-3)/(-1))*(-27448)/(-8